19 is divided by t.
9
Let k(z) = -5*z - 7. Let d be k(-6). Suppose 27 + d = -2*m. Let x = m - -42. Calculate the remainder when 33 is divided by x.
16
Suppose -29 = -4*h + 2*h + 5*w, 5*w = 15. Calculate the remainder when 85 is divided by h.
19
Suppose -15 = 3*k, -6*g - 2*k + 116 = -3*g. Let o(d) = -d**2 - 6*d + 11. What is the remainder when g is divided by o(-6)?
9
Let p = -90 + 108. What is the remainder when 51 is divided by p?
15
What is the remainder when 49 is divided by 19 - (3/1 + -8)?
1
Let s(d) = -d**3 + 8*d**2 - 9*d + 10. What is the remainder when 116 is divided by s(5)?
36
Suppose -73 = -8*h + 47. Calculate the remainder when 27 is divided by h.
12
Let v(i) = i - 1. Let s be v(4). What is the remainder when 7 is divided by 1/(7/s - 2)?
1
Let t(c) = 6*c - 4. Let s = 11 + -7. Let i(w) = w + 1. What is the remainder when t(s) is divided by i(6)?
6
Let r be (-47)/(-9) - 8/36. Suppose 3*g + 5*i = -6 + 52, r*g - 10 = 5*i. What is the remainder when 13 is divided by g?
6
Suppose 10 = -b - b. Let y be 34/10 - 3/b. Suppose -3*p + 55 = 2*j, -y*j - j + 2*p + 128 = 0. Calculate the remainder when j is divided by 9.
8
What is the remainder when 0 - (1*-124)/2 is divided by 16?
14
Let k(l) = -10*l - 4 - 4 + 2 + 3. Calculate the remainder when k(-6) is divided by 12.
9
Let u be (-3)/(9/(-3)) - 2. What is the remainder when 9 is divided by 18*u/3*-1?
3
Let w = 1 - -1. Let s be w/(-4) - 3/2. Calculate the remainder when 17 is divided by 1/((3 + s)/6).
5
Let t = 1605 - 1077. Suppose 0 = -p - 2*p + t. Suppose -3*o - 53 = -p. Calculate the remainder when o is divided by 14.
13
Let s(r) = -18*r. Let y be s(2). Let u = y + 55. What is the remainder when u is divided by 5?
4
Let m(n) = -5*n + 17. What is the remainder when m(-8) is divided by 15?
12
Let l(n) = 104*n**2 + n - 1. Calculate the remainder when l(1) is divided by 21.
20
Let v(d) = -6*d**2 + 42*d - 14. Let k be (-2)/(4/(-10))*1. Suppose -2*g + 4*n + 16 = 0, -k*g - 3*n = n - 40. What is the remainder when v(6) is divided by g?
6
Let r(w) = 1 - 3 + w**2 + 0*w**2 + 1. Calculate the remainder when 137 is divided by r(6).
32
Let m(u) = u + 3. Let n = -8 - -15. What is the remainder when n is divided by m(0)?
1
Suppose -a + 6*a = -3*l + 81, 2*a = l + 28. What is the remainder when 44 is divided by a?
14
Let s = 27 - 7. Suppose 0 = 2*c - 5*w - 19, -4*w + 4 = -2*c + s. Suppose -4*r - 2 = -10, 0 = 3*t + c*r - 19. What is the remainder when 8 is divided by t?
3
Suppose o - 3*f = -4 - 51, -15 = -3*f. Suppose 2*h - 7*h = 405. Let k = o - h. What is the remainder when k is divided by 14?
13
Let d = 22 + -10. What is the remainder when 33 is divided by d?
9
Let a(s) = -s**3 + 8*s**2 + 3*s + 12. Calculate the remainder when 142 is divided by a(8).
34
Suppose -5*r + 43 = -52. Let n(u) = 2*u - 1. Let p be n(3). Suppose 2*t + p*f + 65 = 7*t, 3*t - 33 = f. What is the remainder when r is divided by t?
9
Let p(x) = x + 3. Let m be p(0). What is the remainder when ((-186)/(-9))/(2/m) is divided by 10 + 1/(-1 - -2)?
9
Suppose 3*k + 4*f - 70 = 0, -6*k + 2*k + f + 125 = 0. Calculate the remainder when 58/(-8)*(-13)/(78/48) is divided by k.
28
Let k(g) = 19*g**2 - 3*g + 3. What is the remainder when k(2) is divided by 19?
16
Let w(z) = 3*z**2 - z - 1. Let x be (-74)/(-4) - (-3)/(-2). Suppose -2*a - 2*s = -7*s - 30, -a + x = -3*s. Calculate the remainder when w(-2) is divided by a.
3
Let z(d) = 2*d**2 - 3*d + 2. Let q(n) = 3*n**3 + n**2 + 2*n - 1. Let o = 4 - 2. What is the remainder when q(o) is divided by z(3)?
9
Let q(u) = 2*u**2 + 4*u + 4. Let m be (-4)/(-10) - (-102)/(-30). Let z(h) = 2*h - 16. What is the remainder when z(17) is divided by q(m)?
8
What is the remainder when -3 + 6 + 1 - -2 is divided by 2?
0
Suppose c - 33 = -11. What is the remainder when c is divided by 12?
10
Let w = -1 + -19. Let j be (-16)/w*(-10)/(-4). What is the remainder when 3 is divided by (-4)/(-2) + 0/j?
1
Suppose -186 = -12*a - 18. What is the remainder when 124 is divided by a?
12
Suppose 0 = -w - 2, 0 = -3*q - 3*w - 0*w + 51. What is the remainder when ((-74)/2)/(1*3/(-6)) is divided by q?
17
Let h(x) = 7*x - 1. Suppose 70 = 8*o - 3*o. What is the remainder when h(4) is divided by o?
13
Let u(y) = y**2 + 11*y - 11. Let v(g) = -31*g - 7. Let j be v(-5). Suppose -4*m + j = 36. What is the remainder when m is divided by u(2)?
13
Let y(z) be the second derivative of -3*z**3/2 - 2*z**2 + 3*z. Calculate the remainder when y(-5) is divided by 11.
8
Let z be (-6)/(-4)*(-8)/6. Let h(v) = -v**3 - 2*v**2 + 2. Let g(r) = 5*r**3 - 2*r**2 + r. What is the remainder when g(1) is divided by h(z)?
0
Suppose -137*j + 45 = -136*j. Suppose 2*h - 65 = 3*w - 21, 2*h + 2*w = 24. What is the remainder when j is divided by h?
13
Let j(o) = -o**2 - 4*o - 1. Let g be j(-3). Suppose -6 = -g*r + 16. What is the remainder when (-31)/(-1) - 1/1 is divided by r?
8
Let z(u) = -u + 9. Suppose 1 = o + 9. Calculate the remainder when 49 is divided by z(o).
15
Suppose -s = 2*s - 33. Calculate the remainder when 52 is divided by s.
8
Let d = -58 + 70. What is the remainder when 58 is divided by d?
10
Let v(t) = -10*t**3 + 2*t**2 - 1. What is the remainder when ((-62)/4)/(1/(-2)) is divided by v(-1)?
9
Let l be (-3)/(-6) + (-26)/4. Let f be (l/(-15))/((-1)/10). Let b = 15 + f. What is the remainder when 43 is divided by b?
10
Let z = 293 - 121. What is the remainder when z is divided by 7?
4
Let f(d) be the first derivative of d**2/2 + 7*d + 2. Let c be f(-5). Suppose -o + 3 = l + 4*l, -o + 3 = c*l. Calculate the remainder when 4 is divided by o.
1
Let v(j) = -j**2 - 9*j - 6. Let z(q) = q**3 + q - 8. Let b = -4 - -4. Let p be z(b). Calculate the remainder when 4 is divided by v(p).
0
Suppose -3*q = -y - y - 31, -2*y = -2*q + 22. Calculate the remainder when q is divided by 5.
4
Let q(j) = j**2. Let w be q(-1). What is the remainder when 26/w + (3 - 2) is divided by 10?
7
Let d = 20 - 17. What is the remainder when 3 is divided by d?
0
Suppose -12 + 45 = 5*g + q, 0 = -5*g + 3*q + 21. Suppose 3*z = -2*d - 2*d + 131, z = 3*d - 82. Calculate the remainder when d is divided by g.
5
Let w(a) = 5*a**2 - 7*a + 10. Calculate the remainder when w(3) is divided by 10.
4
Let m be 2/((3 + -2)/12). Suppose -m + 9 = -5*d. What is the remainder when 3 is divided by d?
0
Let x(l) be the first derivative of -1/2*l**2 - 1/3*l**3 + 1 + l + 12*l**4. Calculate the remainder when x(1) is divided by 16.
15
Suppose -9 - 1 = 5*k, 0 = 5*r + k - 188. What is the remainder when r is divided by 13?
12
Let r(k) = k**2 + 3*k - 3. Let j be r(-4). Suppose 0 = o - j - 2. Suppose 2*l + 4*b = 38, 7 + 26 = 2*l + o*b. What is the remainder when 26 is divided by l?
8
Suppose 2*j - 4 = 4*i, 4*j + 4*i = 8*i. Let f = j - -28. Calculate the remainder when f is divided by 14.
12
Suppose g = 4*g - 12. Let y = g - -14. What is the remainder when y is divided by 4?
2
Let r = -12 + 19. What is the remainder when r is divided by 4?
3
Let c = -59 - -117. Suppose -h + 15 = -c. Suppose -4*v + h = -27. What is the remainder when v is divided by 7?
4
Suppose -2*s = -4 - 14. Suppose z + 5 = 10. Calculate the remainder when s is divided by z.
4
Let h be 20/16*4 + -4. Suppose -h = c - 8. What is the remainder when c is divided by 6?
1
What is the remainder when 81 is divided by (-515)/(-25) + (-5)/((-25)/2)?
18
Let g(r) = 4*r - 4. Let j be g(-3). Let c = j - -24. Suppose 0 = -4*v - 71 + 131. What is the remainder when v is divided by c?
7
Suppose 4*d - d = 18. Let h = -2 + d. Let r(k) = k**2 + k - 5. What is the remainder when r(-4) is divided by h?
3
Let x(o) = -o**3 - 8*o**2 - 4*o + 5. Calculate the remainder when x(-9) is divided by 25.
22
Let i(n) = 2*n**2 - 4*n. Let g be i(3). What is the remainder when (g/9)/(2/90) is divided by 16?
14
Let y = -17 + 44. Calculate the remainder when 106 is divided by y.
25
Suppose 0 = -5*z - 0 + 70. What is the remainder when 82 is divided by z?
12
Calculate the remainder when (-6019)/(-52) + 6/(-8) is divided by 13.
11
Suppose 6*t - 5*t - 11 = 0. Calculate the remainder when t is divided by 3.
2
Suppose 0 = 3*d + 2*g - 22, -3*d + 2*g + 11 = -3. Let h(k) = -k**3 - 9*k**2 - 13*k + 10. What is the remainder when d is divided by h(-7)?
0
Suppose -5*x = -10*x + 80. Calculate the remai